 132?
True
Is 387 a factor of 4611492?
True
Is 371 a factor of 94183?
False
Is 369 a factor of 3359376?
True
Is 69619 even?
False
Is 184800 a multiple of 245?
False
Is 82296 a multiple of 9?
True
Does 31 divide 156302?
True
Does 4 divide 14112?
True
Is 16 a factor of 5702?
False
Does 155 divide 1328253?
False
Is 19 a factor of 1591440?
True
Is 21 a factor of 14490?
True
Is 51 a factor of 304621?
False
Is 200 a factor of 172823?
False
Is 499 a factor of 1146203?
True
Is 5980 a multiple of 52?
True
Is 3 a factor of 110897?
False
Does 11 divide 9025044?
False
Does 116 divide 1299548?
True
Is 1589792 a multiple of 59?
False
Is 23 a factor of 3562953?
True
Is 651261 a multiple of 163?
False
Does 754 divide 3334016?
False
Does 4 divide 188407?
False
Does 12 divide 68591?
False
Is 64 a factor of 111847?
False
Does 52 divide 270668?
False
Is 55705 a multiple of 15?
False
Does 15 divide 37275?
True
Is 1788703 a multiple of 34?
False
Is 1676746 a multiple of 39?
False
Is 1127000 a multiple of 125?
True
Is 41 a factor of 294617?
False
Is 1326934 a multiple of 38?
False
Is 8570621 a multiple of 10?
False
Is 9 a factor of 2080?
False
Does 7 divide 1149078?
True
Is 913574 a multiple of 9?
False
Does 59 divide 52333?
True
Is 119123 a multiple of 139?
True
Does 283 divide 1374464?
False
Does 12 divide 163115?
False
Is 4 a factor of 52712?
True
Does 21 divide 72219?
True
Does 75 divide 1958400?
True
Does 196 divide 256368?
True
Does 71 divide 1870642?
False
Is 49275 a multiple of 316?
False
Is 8834668 a multiple of 164?
False
Is 124 a factor of 1908980?
True
Does 10 divide 297491?
False
Is 10205627 a multiple of 6?
False
Is 1024840 a multiple of 33?
False
Is 10354778 a multiple of 7?
True
Is 3 a factor of 56961?
True
Is 147601 a multiple of 15?
False
Is 226 a factor of 721166?
True
Does 82 divide 794417?
False
Is 40 a factor of 1306764?
False
Is 18 a factor of 2036412?
True
Is 6551712 a multiple of 48?
True
Is 6092840 a multiple of 65?
True
Is 12459993 a multiple of 14?
False
Is 24 a factor of 45?
False
Is 8832292 a multiple of 28?
True
Does 157 divide 145068?
True
Is 374877 a multiple of 24?
False
Is 13 a factor of 279185?
False
Is 23 a factor of 21528?
True
Is 1598225 a multiple of 20?
False
Is 84 a factor of 1195521?
False
Is 251 a factor of 104630?
False
Is 13 a factor of 77514?
False
Is 48936 a multiple of 47?
False
Does 1232 divide 16104704?
True
Does 45 divide 1341405?
True
Is 3769024 a multiple of 18?
False
Does 97 divide 352401?
True
Does 32 divide 2592?
True
Is 200 a factor of 1949800?
True
Does 67 divide 633552?
True
Is 24 a factor of 60024?
True
Is 4 a factor of 481624?
True
Is 65 a factor of 97732?
False
Is 68 a factor of 9893849?
False
Is 64 a factor of 558190?
False
Is 635019 a multiple of 135?
False
Is 124514 a multiple of 2?
True
Does 1773 divide 11350506?
False
Does 91 divide 324115?
False
Is 166 a factor of 246595?
False
Is 3316432 a multiple of 28?
True
Is 8 a factor of 11274309?
False
Is 903019 a multiple of 13?
True
Does 282 divide 482360?
False
Is 39 a factor of 687935?
False
Is 15 a factor of 1005?
True
Does 106 divide 4176321?
False
Does 479 divide 828815?
False
Does 18 divide 211302?
True
Is 524546 a multiple of 22?
True
Is 39 a factor of 31824?
True
Is 844 a factor of 428752?
True
Does 17 divide 3074?
False
Does 74 divide 4221593?
False
Is 745126 a multiple of 29?
True
Is 12069 a multiple of 2?
False
Is 8 a factor of 1421584?
True
Does 47 divide 1158531?
False
Is 20 a factor of 359255?
False
Does 183 divide 400483?
False
Is 21 a factor of 4778907?
True
Does 167 divide 95949?
False
Is 185822 a multiple of 2?
True
Does 4 divide 42164?
True
Is 109 a factor of 47189?
False
Is 33 a factor of 18447?
True
Does 1481 divide 6948852?
True
Is 2510533 a multiple of 17?
False
Is 194 a factor of 1129724?
False
Does 42 divide 3129566?
False
Is 9693627 a multiple of 118?
False
Is 41 a factor of 299833?
True
Is 2 a factor of 92044?
True
Does 75 divide 136980?
False
Is 31 a factor of 2799424?
True
Is 36 a factor of 41256?
True
Is 200 a factor of 155600?
True
Is 35 a factor of 1409940?
True
Is 1124883 a multiple of 529?
False
Is 6388434 a multiple of 67?
False
Is 278332 a multiple of 16?
False
Does 6 divide 704417?
False
Is 216 a factor of 166243?
False
Is 3939179 a multiple of 137?
False
Is 9 a factor of 12069?
True
Does 91 divide 336290?
False
Is 103995 a multiple of 5?
True
Is 7 a factor of 74339?
False
Is 2839 even?
False
Is 35 a factor of 698376?
False
Is 26 a factor of 130546?
True
Does 748 divide 751740?
True
Is 23 a factor of 10764?
True
Is 11 a factor of 1721357?
True
Is 3 a factor of 1045788?
True
Is 2652420 a multiple of 7?
False
Does 9 divide 271631?
False
Does 36 divide 979236?
True
Is 39 a factor of 18327730?
False
Is 1528702 a multiple of 426?
False
Is 2 a factor of 17000?
True
Is 48 a factor of 412050?
False
Is 201392 a multiple of 395?
False
Is 20 a factor of 118844?
False
Does 12 divide 7225148?
False
Is 512291 a multiple of 60?
False
Does 87 divide 2128846?
False
Does 415 divide 690444?
False
Is 1731598 a multiple of 37?
False
Is 154560 a multiple of 60?
True
Does 49 divide 1326136?
True
Is 21 a factor of 2334134?
False
Does 71 divide 481300?
False
Does 126 divide 81205?
False
Is 14 a factor of 25856?
False
Does 489 divide 28067?
False
Does 12 divide 371868?
True
Is 5 a factor of 855737?
False
Does 344 divide 914696?
True
Is 98 a factor of 9898?
True
Is 124 a factor of 1135730?
False
Is 13 a factor of 51922?
True
Is 751068 a multiple of 372?
True
Is 10 a factor of 9220?
True
Does 116 divide 210166?
False
Is 256 a factor of 3095123?
False
Does 316 divide 199125?
False
Does 104 divide 1827082?
False
Does 446 divide 3498870?
True
Does 45 divide 1307475?
True
Does 220 divide 285120?
True
Is 135796 a multiple of 538?
False
Is 150223 a multiple of 62?
False
Does 160 divide 278880?
True
Is 261 a factor of 1532853?
True
Is 22 a factor of 36528489?
False
Is 3414065 a multiple of 8?
False
Does 14 divide 5111?
False
Does 601 divide 19363619?
True
Does 94 divide 154724?
True
Is 38698596 a multiple of 102?
True
Does 387 divide 3134270?
False
Does 2 divide 22954?
True
Is 279645 a multiple of 309?
True
Is 140063 a multiple of 77?
True
Is 51 a factor of 44064?
True
Is 14 a factor of 149030?
True
Is 151554 a multiple of 134?
True
Is 20931784 a multiple of 122?
True
Does 17 divide 4226831?
False
Is 268 a factor of 128640?
True
Is 6666528 a multiple of 33?
True
Is 33304 a multiple of 23?
True
Is 870 a factor of 1699013?
False
Is 97 a factor of 2024861?
False
Is 192 a factor of 91776?
True
Is 1999417 a multiple of 39?
False
Does 3 divide 115620?
True
Does 2 divide 74114?
True
Does 18 divide 1192859?
False
Is 187108 a multiple of 6?
False
Is 391 a factor of 152306?
False
Is 4 a factor of 19492?
True
Is 8 a factor of 72164?
False
Is 3825874 a multiple of 5?
False
Does 58 divide 2566069?
False
Is 5942736 a multiple of 10?
False
Is 574 a factor of 1408788?
False
Is 21 a factor of 2623824?
True
Does 52 divide 248946?
False
Is 5215056 a multiple of 616?
True
Does 17 divide 242301?
True
Is 98 a factor of 62183?
False
Is 5561690 a multiple of 914?
True
Does 3 divide 191457?
True
Does 7 divide 13379415?
True
Is 165260 a multiple of 248?
False
Is 6406 a multiple of 86?
False
Is 29 a factor of 131142?
False
Is 166 a factor of 167069?
False
Is 127 a factor of 237032?
False
Is 7 a factor of 1750342?
False
Is 63974 a multiple of 16?
False
Does 19 divide 2248426?
False
Does 16 divide 13872?
True
Is 26952 a multiple of 24?
True
Is 313 a factor of 838214?
True
Is 16 a factor of 627134?
False
Is 95410 a multiple of 7?
True
Is 341242 a multiple of 3?
False
Does 375 divide 160112?
False
Does 135 divide 178408?
False
Is 3434060 a multiple of 95?
True
Is 40 a factor of 27523?
False
Is 37 a factor of 272801?
True
Does 41 divide 42845?
True
Is 140 a factor of 305900?
True
Is 1784739 a multiple of 11?
True
Is 157656 even?
True
Is 2 a factor of 1989278?
True
Does 5 divide 147412?
False
Does 865 divide 1541153?
False
Is 31 a factor of 852701?
False
Is 21245 a multiple of 3?
False
Is 3 a factor of 13506?
True
Is 5172608 a multiple of 793?
False
Is 46488 a multiple of 39?
True
Does 132 divide 14684971?
False
Is 237522 a multiple of 335?
False
Does 362 divide 563540?
False
Is 9